isor of 1858 and 19621409?
929
What is the greatest common factor of 4459 and 272792?
13
What is the greatest common factor of 204601639 and 3949?
3949
Calculate the highest common divisor of 8645661 and 556.
139
Calculate the highest common divisor of 1383365797 and 253.
253
What is the greatest common divisor of 26866 and 608874?
266
Calculate the greatest common divisor of 53585612 and 1112.
556
Calculate the highest common divisor of 285 and 13073121.
57
Calculate the greatest common factor of 21201015 and 1210.
605
What is the highest common factor of 834009 and 6096?
381
What is the highest common divisor of 2581682 and 323?
19
Calculate the greatest common divisor of 729 and 2836737.
9
Calculate the highest common factor of 1497 and 256923.
3
What is the highest common divisor of 282480 and 48720?
240
What is the highest common divisor of 12639 and 75743229?
1149
What is the greatest common factor of 649818448 and 944?
944
Calculate the highest common divisor of 1080 and 35425080.
1080
Calculate the greatest common factor of 50840 and 2931980.
620
Calculate the highest common divisor of 47758274 and 1432.
358
What is the highest common divisor of 364331 and 40535?
121
Calculate the highest common divisor of 3345408 and 652032.
2304
What is the highest common factor of 522979 and 24047?
173
What is the greatest common divisor of 6032 and 10832?
16
What is the greatest common divisor of 20 and 8766364?
4
Calculate the greatest common divisor of 73689 and 4420122.
609
Calculate the highest common divisor of 627936 and 596.
4
Calculate the greatest common factor of 3752 and 185654052.
268
What is the greatest common factor of 671983 and 86515?
13
Calculate the highest common divisor of 8 and 14547624.
8
Calculate the highest common factor of 56 and 1799294.
14
What is the highest common factor of 212680 and 89960?
520
What is the greatest common factor of 3298401 and 43?
43
What is the greatest common factor of 81 and 15751395?
27
Calculate the highest common divisor of 683677 and 2793.
19
What is the highest common factor of 4606 and 4479006?
658
What is the greatest common factor of 9 and 283805?
1
Calculate the greatest common divisor of 966178 and 2028440.
5338
What is the greatest common divisor of 12206 and 169252?
34
What is the highest common factor of 500937098 and 246?
82
What is the greatest common divisor of 491092 and 308?
28
Calculate the highest common factor of 84 and 1848833.
7
Calculate the greatest common divisor of 22106613 and 435.
87
What is the greatest common divisor of 103 and 891241799?
103
Calculate the greatest common factor of 2718 and 198540.
18
What is the greatest common divisor of 47290838 and 952?
238
What is the highest common factor of 10214304 and 504?
24
What is the greatest common factor of 9234 and 28729368?
342
What is the highest common factor of 3630 and 64212401?
121
What is the greatest common divisor of 84526470 and 945?
945
Calculate the greatest common divisor of 12779 and 8297503.
983
Calculate the highest common divisor of 4942912 and 31076.
1828
What is the greatest common divisor of 31338 and 58?
2
What is the greatest common factor of 60 and 4026588?
12
Calculate the highest common divisor of 12460216 and 1704.
568
What is the greatest common factor of 2 and 1119494?
2
Calculate the highest common divisor of 525665 and 155365.
805
Calculate the greatest common factor of 5252025 and 255.
15
What is the highest common divisor of 2404735 and 27455?
1615
Calculate the highest common factor of 20891536 and 1605.
107
Calculate the greatest common factor of 62707856 and 32.
16
What is the greatest common factor of 70642 and 16505775?
2717
Calculate the greatest common divisor of 327261 and 5029.
47
Calculate the highest common factor of 10615855 and 185.
185
What is the greatest common factor of 2248471937 and 349?
349
What is the highest common factor of 792 and 619520?
88
Calculate the highest common factor of 96 and 12928672.
32
Calculate the highest common divisor of 8011224 and 9048.
312
What is the greatest common divisor of 56 and 141785322?
14
What is the greatest common divisor of 13920932 and 372?
4
Calculate the highest common divisor of 24345 and 80625.
15
What is the greatest common factor of 47764859 and 1797?
599
What is the highest common divisor of 2610053 and 19780757?
13249
What is the highest common divisor of 2744196 and 5113836?
7644
What is the greatest common divisor of 132 and 5988543?
33
Calculate the greatest common factor of 103368301 and 6155.
1231
What is the highest common divisor of 13653900 and 9450?
1350
What is the greatest common factor of 4879 and 2740094?
119
What is the greatest common divisor of 215338730 and 562?
562
Calculate the highest common factor of 66178 and 61614.
2282
What is the greatest common divisor of 156 and 126194991?
39
What is the highest common factor of 392 and 15270164?
196
What is the highest common factor of 2044169866 and 268?
134
Calculate the highest common factor of 194490 and 11217751.
2161
What is the greatest common factor of 1868181 and 273?
21
What is the highest common factor of 1415496 and 23208?
24
What is the highest common factor of 21473088 and 20176?
208
Calculate the greatest common factor of 6444 and 79103322.
3222
Calculate the greatest common factor of 29416770 and 972.
162
What is the highest common divisor of 480791 and 4864953?
8149
Calculate the highest common factor of 3241 and 56168.
7
Calculate the greatest common divisor of 8294 and 176726.
638
Calculate the greatest common factor of 434 and 28620158.
14
Calculate the greatest common factor of 165469525 and 455.
65
Calculate the greatest common factor of 48248877 and 1986.
993
What is the highest common factor of 20 and 187333676?
4
Calculate the greatest common divisor of 34875 and 317025.
225
What is the greatest common factor of 18 and 625789386?
18
What is the highest common divisor of 19522930 and 896?
14
Calculate the greatest common factor of 1 and 113567141.
1
Calculate the greatest common factor of 141 and 16488963.
141
Calculate the highest common divisor of 309912 and 2124.
12
What is the greatest common factor of 188 and 24558628?
188
Calculate the greatest common factor of 36422309 and 10209.
3403
Calculate the highest common factor of 16823 and 25.
1
Calculate the greatest common factor of 14227984 and 138.
46
What is the highest common factor of 1598 and 4362634?
94
What is the greatest common factor of 266 and 294842?
38
Calculate the greatest common factor of 13923 and 399867.
39
Calculate the greatest common factor of 2656039 and 6.
1
What is the highest common factor of 909848 and 96?
8
Calculate the greatest common divisor of 22019115 and 106.
53
What is the greatest common divisor of 3026 and 3996934464?
3026
What is the greatest common factor of 134 and 1577927921?
67
Calculate the highest common divisor of 98419409 and 119.
17
Calculate the greatest common factor of 2256660 and 455.
35
What is the highest common factor of 175185488 and 66691?
3923
Calculate the highest common divisor of 3786516 and 146376.
3852
Calculate the greatest common divisor of 178 and 6492461.
89
Calculate the greatest common divisor of 33780 and 45000.
60
Calculate the greatest common divisor of 5580 and 2309686.
62
What is the highest common divisor of 197961 and 19551?
57
Calculate the greatest common factor of 43155126 and 378.
378
Calculate the highest common divisor of 9 and 4788174.
3
Calculate the greatest common divisor of 18605076 and 336.
84
Calculate the highest common divisor of 595672 and 1077384.
616
Calculate the highest common factor of 608390 and 41915.
415
Calculate the greatest common divisor of 23233 and 335447.
7
Calculate the greatest common divisor of 121198645 and 3685.
335
What is the highest common divisor of 36265063 and 3?
1
What is the highest common divisor of 264 and 1298891?
11
Calculate the greatest common factor of 176448 and 25584.
48
Calculate the highest common divisor of 539 and 2554958.
49
Calculate the highest common divisor of 37752 and 1625.
13
Calculate the greatest common factor of 406082901 and 21.
21
What is the highest common divisor of 5932988 and 1932?
92
Calculate the highest common factor of 6714 and 3